lculate the greatest common divisor of 77 and 48862.
11
Calculate the highest common factor of 612 and 75990.
102
What is the highest common divisor of 6083 and 18711?
77
What is the highest common divisor of 244706 and 77?
77
Calculate the greatest common divisor of 5430 and 240.
30
Calculate the highest common factor of 45315 and 2067.
159
What is the highest common factor of 2668 and 18584?
92
Calculate the highest common divisor of 25 and 1207025.
25
What is the highest common factor of 6946 and 2369?
23
Calculate the greatest common factor of 25139 and 46.
23
Calculate the highest common divisor of 10536 and 17112.
24
Calculate the greatest common divisor of 566242 and 2.
2
What is the greatest common divisor of 7720 and 360?
40
What is the greatest common factor of 408705 and 1320?
165
What is the greatest common factor of 1285 and 383187?
257
Calculate the greatest common divisor of 6350 and 1397.
127
What is the highest common factor of 66799 and 3283?
67
Calculate the greatest common divisor of 1092 and 2625.
21
Calculate the greatest common divisor of 465 and 13785.
15
What is the highest common divisor of 1080 and 76410?
270
What is the greatest common divisor of 27720 and 3234?
462
Calculate the greatest common divisor of 927 and 234222.
309
Calculate the highest common divisor of 235298 and 28.
14
Calculate the greatest common factor of 7097 and 1739.
47
What is the greatest common divisor of 1408 and 152592?
176
What is the highest common divisor of 324 and 164880?
36
What is the greatest common divisor of 16468 and 368?
92
Calculate the greatest common divisor of 240 and 556440.
120
Calculate the greatest common divisor of 1824 and 162.
6
Calculate the greatest common divisor of 73656 and 16984.
88
What is the greatest common factor of 1534544 and 704?
176
What is the highest common factor of 3320 and 2480?
40
What is the highest common divisor of 64980 and 380?
380
Calculate the greatest common factor of 5797 and 4488.
187
What is the greatest common divisor of 7780 and 4?
4
Calculate the highest common divisor of 3 and 431.
1
Calculate the greatest common factor of 2223 and 6612.
57
Calculate the greatest common divisor of 3 and 2692.
1
Calculate the greatest common factor of 22873 and 4112.
257
What is the highest common factor of 2272 and 52966?
142
Calculate the highest common divisor of 128974 and 118.
118
Calculate the greatest common divisor of 2789672 and 8.
8
Calculate the greatest common divisor of 40506 and 22922.
314
What is the greatest common factor of 1077765 and 117?
39
Calculate the greatest common divisor of 143 and 92950.
143
What is the greatest common divisor of 880555 and 115?
115
Calculate the greatest common factor of 10 and 9970.
10
Calculate the greatest common divisor of 44556 and 4740.
948
What is the highest common divisor of 24068 and 748?
44
Calculate the greatest common divisor of 3108 and 1961.
37
Calculate the greatest common factor of 15594332 and 52.
52
What is the greatest common factor of 10530 and 208650?
390
What is the highest common divisor of 2929 and 2291?
29
What is the greatest common divisor of 4572048 and 24?
24
What is the greatest common factor of 437 and 61731?
19
What is the greatest common divisor of 48357 and 1393?
199
What is the greatest common factor of 891 and 3465?
99
What is the highest common divisor of 36 and 119484?
36
Calculate the highest common divisor of 16887 and 663.
39
What is the greatest common divisor of 29393 and 22763?
221
What is the highest common factor of 1245523 and 1018?
509
Calculate the highest common divisor of 906 and 57380.
302
Calculate the greatest common divisor of 96 and 17064.
24
Calculate the highest common factor of 225 and 158800.
25
What is the highest common divisor of 1273 and 1121?
19
Calculate the highest common factor of 13 and 6225089.
13
What is the highest common divisor of 5910 and 240?
30
What is the highest common divisor of 57112 and 74576?
472
Calculate the greatest common divisor of 378 and 913346.
14
What is the greatest common factor of 1152 and 2256?
48
Calculate the greatest common divisor of 35663 and 57.
19
What is the greatest common divisor of 16736 and 448?
32
What is the highest common divisor of 58 and 2155048?
58
What is the highest common factor of 1376 and 19049?
43
Calculate the greatest common divisor of 76404 and 60.
12
Calculate the greatest common divisor of 760 and 15790.
10
What is the highest common factor of 330 and 6798?
66
Calculate the greatest common divisor of 20 and 2627140.
20
Calculate the highest common factor of 501892 and 4336.
1084
Calculate the greatest common factor of 22476 and 2208.
12
What is the greatest common factor of 24656 and 1702?
46
Calculate the greatest common factor of 338128 and 376.
8
What is the highest common factor of 6431082 and 2394?
798
What is the greatest common factor of 136 and 2714764?
68
What is the highest common factor of 7570 and 170?
10
What is the greatest common divisor of 66816 and 1024?
256
What is the greatest common factor of 5183 and 7526?
71
Calculate the highest common factor of 16 and 68296.
8
What is the greatest common divisor of 115100 and 800?
100
What is the greatest common factor of 2 and 83284?
2
What is the greatest common divisor of 15795 and 54?
27
Calculate the greatest common divisor of 1104 and 1280.
16
What is the greatest common factor of 7595 and 66805?
155
Calculate the highest common factor of 50952 and 792.
264
What is the highest common factor of 1381663 and 863?
863
What is the greatest common factor of 4563 and 513?
27
Calculate the highest common factor of 12970 and 110.
10
What is the highest common factor of 351515 and 36640?
1145
Calculate the greatest common divisor of 295 and 16415.
5
Calculate the greatest common factor of 549 and 15616.
61
Calculate the greatest common factor of 13112 and 132.
44
Calculate the highest common factor of 2889687 and 302.
151
Calculate the highest common divisor of 20900 and 4700.
100
Calculate the greatest common divisor of 14994 and 735.
147
Calculate the greatest common divisor of 8400 and 4395.
15
What is the highest common divisor of 15 and 88905?
15
Calculate the greatest common divisor of 700 and 49100.
100
Calculate the highest common factor of 35819 and 85.
17
What is the highest common factor of 1067866 and 122?
122
Calculate the highest common divisor of 106559 and 41.
41
Calculate the highest common factor of 1256 and 292.
4
What is the highest common factor of 994 and 197309?
497
Calculate the greatest common divisor of 14 and 121470.
2
Calculate the greatest common factor of 4665 and 225.
15
What is the greatest common divisor of 780 and 6435?
195
Calculate the greatest common factor of 1345 and 1275598.
269
Calculate the greatest common divisor of 479482 and 596.
298
What is the highest common factor of 527547 and 41?
41
Calculate the greatest common factor of 5904564 and 12.
12
What is the greatest common factor of 102295 and 998?
499
Calculate the greatest common factor of 321 and 323889.
321
What is the greatest common factor of 465428 and 460?
92
Calculate the highest common factor of 614 and 143062.
614
Calculate the highest common divisor of 161336 and 112.
56
Calculate the highest common factor of 22473 and 44.
11
Calculate the greatest common factor of 2363 and 51.
17
What is the greatest common divisor of 107631 and 51?
3
What is the greatest common divisor of 93508 and 53984?
964
Calculate the highest common factor of 3940 and 5380.
20
What is the greatest common factor of 155 and 2858355?
155
Calculate the highest common divisor of 958530 and 1780.
890
Calculate the greatest common factor of 3744 and 612.
36
Calculate the highest common factor of 189 and 95796.
27
Calculate the highest common divisor of 1421431 and 11.
11
What is the greatest common divisor of 880983 and 974?
487
Calculate the highest common factor of 69448 and 144.
8
Calculate the highest common factor of 909 and 5050.
101
Calculate the highest common factor of 5145 and 665.
35
Calculate the greatest common factor of 1963 and 1651.
13
What is the greatest common factor of 4368 and 10101?
273
What is the greatest common divisor of 5610 and 2295?
255
Calculate the highest common factor of